 factors of 144315?
3, 5, 1069
What are the prime factors of 1402?
2, 701
List the prime factors of 353.
353
What are the prime factors of 2441?
2441
List the prime factors of 1259.
1259
List the prime factors of 8935.
5, 1787
List the prime factors of 24190.
2, 5, 41, 59
List the prime factors of 1190.
2, 5, 7, 17
What are the prime factors of 100188?
2, 3, 11, 23
What are the prime factors of 4315?
5, 863
What are the prime factors of 16264?
2, 19, 107
What are the prime factors of 73855?
5, 14771
List the prime factors of 1067.
11, 97
What are the prime factors of 379?
379
List the prime factors of 73128.
2, 3, 11, 277
What are the prime factors of 3481?
59
What are the prime factors of 2598?
2, 3, 433
What are the prime factors of 999?
3, 37
List the prime factors of 4950.
2, 3, 5, 11
List the prime factors of 8507.
47, 181
What are the prime factors of 871?
13, 67
What are the prime factors of 1025?
5, 41
What are the prime factors of 99100?
2, 5, 991
List the prime factors of 689.
13, 53
What are the prime factors of 6506?
2, 3253
What are the prime factors of 19328?
2, 151
What are the prime factors of 714?
2, 3, 7, 17
List the prime factors of 4412.
2, 1103
List the prime factors of 1882.
2, 941
List the prime factors of 1555.
5, 311
List the prime factors of 5150.
2, 5, 103
What are the prime factors of 3890?
2, 5, 389
What are the prime factors of 3061?
3061
What are the prime factors of 1152?
2, 3
What are the prime factors of 7828?
2, 19, 103
What are the prime factors of 64957?
17, 3821
What are the prime factors of 6963?
3, 11, 211
What are the prime factors of 2688?
2, 3, 7
List the prime factors of 1037.
17, 61
What are the prime factors of 2422?
2, 7, 173
What are the prime factors of 605?
5, 11
List the prime factors of 514.
2, 257
What are the prime factors of 73501?
31, 2371
What are the prime factors of 74090?
2, 5, 31, 239
List the prime factors of 7943.
13, 47
What are the prime factors of 2495?
5, 499
List the prime factors of 1697.
1697
What are the prime factors of 2899?
13, 223
What are the prime factors of 18299?
29, 631
List the prime factors of 99415.
5, 59, 337
List the prime factors of 17417.
17417
What are the prime factors of 12114?
2, 3, 673
List the prime factors of 10147.
73, 139
List the prime factors of 5859.
3, 7, 31
List the prime factors of 909.
3, 101
What are the prime factors of 76?
2, 19
List the prime factors of 75927.
3, 25309
List the prime factors of 42782.
2, 21391
List the prime factors of 29449.
7, 601
List the prime factors of 92.
2, 23
List the prime factors of 3050.
2, 5, 61
What are the prime factors of 667?
23, 29
What are the prime factors of 25363?
13, 1951
What are the prime factors of 1773?
3, 197
What are the prime factors of 7884?
2, 3, 73
List the prime factors of 119445.
3, 5, 7963
What are the prime factors of 16252?
2, 17, 239
What are the prime factors of 6250?
2, 5
List the prime factors of 2584.
2, 17, 19
List the prime factors of 5403.
3, 1801
What are the prime factors of 55788?
2, 3, 4649
What are the prime factors of 23245?
5, 4649
List the prime factors of 10618.
2, 5309
What are the prime factors of 58171?
58171
List the prime factors of 1098.
2, 3, 61
What are the prime factors of 147?
3, 7
List the prime factors of 234.
2, 3, 13
What are the prime factors of 8245?
5, 17, 97
What are the prime factors of 36345?
3, 5, 2423
List the prime factors of 16098.
2, 3, 2683
What are the prime factors of 867?
3, 17
What are the prime factors of 4071?
3, 23, 59
List the prime factors of 4580.
2, 5, 229
What are the prime factors of 6211?
6211
List the prime factors of 152293.
152293
What are the prime factors of 8580?
2, 3, 5, 11, 13
List the prime factors of 900.
2, 3, 5
What are the prime factors of 1950?
2, 3, 5, 13
What are the prime factors of 592?
2, 37
What are the prime factors of 39033?
3, 4337
List the prime factors of 2453.
11, 223
What are the prime factors of 2390?
2, 5, 239
What are the prime factors of 6005?
5, 1201
What are the prime factors of 6389?
6389
What are the prime factors of 17086?
2, 8543
What are the prime factors of 684?
2, 3, 19
List the prime factors of 860.
2, 5, 43
List the prime factors of 5915.
5, 7, 13
What are the prime factors of 1374?
2, 3, 229
What are the prime factors of 2907?
3, 17, 19
What are the prime factors of 99116?
2, 71, 349
List the prime factors of 3065.
5, 613
What are the prime factors of 3924?
2, 3, 109
What are the prime factors of 4207?
7, 601
What are the prime factors of 6236?
2, 1559
List the prime factors of 29915.
5, 31, 193
What are the prime factors of 25593?
3, 19, 449
What are the prime factors of 42708?
2, 3, 3559
What are the prime factors of 4834?
2, 2417
List the prime factors of 7016.
2, 877
List the prime factors of 10694.
2, 5347
What are the prime factors of 131522?
2, 65761
List the prime factors of 23779.
7, 43, 79
What are the prime factors of 1005?
3, 5, 67
List the prime factors of 793.
13, 61
List the prime factors of 2563.
11, 233
What are the prime factors of 714?
2, 3, 7, 17
List the prime factors of 722.
2, 19
List the prime factors of 4093.
4093
List the prime factors of 761.
761
What are the prime factors of 7992?
2, 3, 37
What are the prime factors of 1673?
7, 239
List the prime factors of 69304.
2, 8663
What are the prime factors of 3008?
2, 47
List the prime factors of 15168.
2, 3, 79
List the prime factors of 6561.
3
List the prime factors of 38461.
38461
What are the prime factors of 5798?
2, 13, 223
List the prime factors of 35.
5, 7
List the prime factors of 1039.
1039
List the prime factors of 15650.
2, 5, 313
What are the prime factors of 273?
3, 7, 13
What are the prime factors of 3141?
3, 349
What are the prime factors of 74847?
3, 61, 409
What are the prime factors of 3843?
3, 7, 61
List the prime factors of 25848.
2, 3, 359
List the prime factors of 30357.
3, 3373
List the prime factors of 50786.
2, 67, 379
What are the prime factors of 236?
2, 59
List the prime factors of 3145.
5, 17, 37
List the prime factors of 36369.
3, 449
What are the prime factors of 71275?
5, 2851
List the prime factors of 386.
2, 193
List the prime factors of 4766.
2, 2383
What are the prime factors of 234?
2, 3, 13
What are the prime factors of 4682?
2, 2341
What are the prime factors of 8775?
3, 5, 13
What are the prime factors of 4787?
4787
What are the prime factors of 12?
2, 3
List the prime factors of 6322.
2, 29, 109
What are the prime factors of 2716?
2, 7, 97
What are the prime factors of 440?
2, 5, 11
What are the prime factors of 11142?
2, 3, 619
List the prime factors of 9759.
3, 3253
What are the prime factors of 29532?
2, 3, 23, 107
List the prime factors of 976.
2, 61
List the prime factors of 25542.
2, 3, 11, 43
List the prime factors of 1503.
3, 167
List the prime factors of 3256.
2, 11, 37
What are the prime factors of 3772?
2, 23, 41
What are the prime factors of 3411?
3, 379
What are the prime factors of 1041?
3, 347
What are the prime factors of 4374?
2, 3
List the prime factors of 65760.
2, 3, 5, 137
List the prime factors of 6100.
2, 5, 61
List the prime factors of 541.
541
What are the prime factors of 47677?
7, 139
What are the prime factors of 2217?
3, 739
List the prime factors of 9165.
3, 5, 13, 47
List the prime factors of 713.
23, 31
What are the prime factors of 1466?
2, 733
What are the prime factors of 1327?
1327
What are the prime factors of 4075?
5, 163
What are the prime factors of 575?
5, 23
List the prime factors of 6119.
29, 211
List the prime factors of 638.
2, 11, 29
What are the prime factors of 1887?
3, 17, 37
List the prime factors of 464.
2, 29
What are the prime factors of 1270?
2, 5, 127
List the prime factors of 68224.
2, 13, 41
What are the prime factors of 286?
2, 11, 13
What are the prime factors of 585?
3, 5, 13
List the prime factors of 82410.
2, 3, 5, 41, 67
List the prime factors of 178408.
2, 29, 769
What are the prime factors of 7340?
2, 5, 367
List the prime factors of 5963.
67, 89
List the prime factors of 3105.
3, 5, 23
List the prime factors of 4869.
3, 541
What are the prime factors of 11855?
5, 2371
What are the prime factors of 9565?
5, 1913
What are the prime factors of 1841?
7, 263
List the prime factors of 3111.
3, 17, 61
List the pr